
2, 3, 5, 7, 29, 179
What are the prime factors of 1080190?
2, 5, 109, 991
What are the prime factors of 13313222?
2, 13, 512047
List the prime factors of 227048.
2, 101, 281
List the prime factors of 3837370.
2, 5, 137, 2801
List the prime factors of 5330.
2, 5, 13, 41
List the prime factors of 713847.
3, 17, 13997
List the prime factors of 348596.
2, 87149
List the prime factors of 193131.
3, 23, 311
What are the prime factors of 140442?
2, 3, 89, 263
What are the prime factors of 8660693?
8660693
What are the prime factors of 1196779?
281, 4259
List the prime factors of 2155308.
2, 3, 293, 613
List the prime factors of 191426.
2, 95713
What are the prime factors of 12574261?
7, 23, 78101
What are the prime factors of 3024657?
3, 17, 53, 373
List the prime factors of 14240475.
3, 5, 17, 73
List the prime factors of 248798.
2, 11, 43, 263
What are the prime factors of 262412?
2, 17, 227
What are the prime factors of 2766521?
2766521
What are the prime factors of 1394008?
2, 7, 11, 31, 73
What are the prime factors of 1016107?
17, 59771
What are the prime factors of 14859887?
7, 17, 17839
What are the prime factors of 182746?
2, 91373
What are the prime factors of 301977?
3, 13, 29, 89
List the prime factors of 593224.
2, 29, 2557
What are the prime factors of 252683?
41, 6163
What are the prime factors of 420472?
2, 13, 311
What are the prime factors of 10629242?
2, 13, 408817
What are the prime factors of 7344088?
2, 918011
List the prime factors of 4671902.
2, 79, 29569
What are the prime factors of 179549?
179549
What are the prime factors of 6059154?
2, 3, 1009859
List the prime factors of 9691617.
3, 13, 67, 3709
List the prime factors of 163521.
3, 18169
What are the prime factors of 5397298?
2, 2698649
What are the prime factors of 147680?
2, 5, 13, 71
List the prime factors of 500897.
19, 41, 643
List the prime factors of 171882.
2, 3, 1061
List the prime factors of 2602159.
7, 371737
What are the prime factors of 384924?
2, 3, 32077
List the prime factors of 1161328.
2, 7, 10369
List the prime factors of 14003353.
7, 13, 37, 4159
List the prime factors of 933304.
2, 116663
What are the prime factors of 11021707?
11021707
What are the prime factors of 12977552?
2, 7, 16553
List the prime factors of 306334.
2, 7, 21881
List the prime factors of 879890.
2, 5, 11, 19, 421
List the prime factors of 31422.
2, 3, 5237
What are the prime factors of 957391?
19, 41, 1229
List the prime factors of 9271768.
2, 11, 105361
List the prime factors of 13314749.
7, 1902107
What are the prime factors of 1747355?
5, 349471
List the prime factors of 3545463.
3, 907, 1303
List the prime factors of 144085.
5, 28817
List the prime factors of 265038.
2, 3, 163, 271
What are the prime factors of 2565479?
7, 366497
What are the prime factors of 1321110?
2, 3, 5, 7, 233
List the prime factors of 149976.
2, 3, 2083
What are the prime factors of 27162473?
13, 29, 109, 661
List the prime factors of 165511.
165511
List the prime factors of 144464.
2, 9029
List the prime factors of 3415343.
3415343
List the prime factors of 1681107.
3, 53, 97, 109
List the prime factors of 350674.
2, 271, 647
List the prime factors of 539137.
47, 11471
List the prime factors of 212008.
2, 26501
What are the prime factors of 513150?
2, 3, 5, 11, 311
List the prime factors of 424303.
11, 17, 2269
What are the prime factors of 14839365?
3, 5, 311, 3181
What are the prime factors of 13150335?
3, 5, 11, 79699
What are the prime factors of 1505680?
2, 5, 11, 29, 59
List the prime factors of 8842768.
2, 11, 47, 1069
List the prime factors of 319415.
5, 193, 331
What are the prime factors of 25952?
2, 811
List the prime factors of 167965.
5, 7, 4799
What are the prime factors of 1611103?
13, 123931
What are the prime factors of 36306957?
3, 347, 34877
What are the prime factors of 961871?
961871
List the prime factors of 9030898.
2, 83, 54403
List the prime factors of 1660504.
2, 207563
List the prime factors of 423647.
7, 60521
What are the prime factors of 35395?
5, 7079
What are the prime factors of 215900?
2, 5, 17, 127
What are the prime factors of 494292?
2, 3, 17, 2423
What are the prime factors of 92700?
2, 3, 5, 103
What are the prime factors of 1006316?
2, 19, 13241
What are the prime factors of 247800?
2, 3, 5, 7, 59
List the prime factors of 9325.
5, 373
What are the prime factors of 13350?
2, 3, 5, 89
What are the prime factors of 98835?
3, 5, 11, 599
What are the prime factors of 30316573?
7, 61, 70999
What are the prime factors of 4042321?
223, 18127
What are the prime factors of 4645718?
2, 7, 11, 97, 311
What are the prime factors of 2551681?
11, 19, 29, 421
List the prime factors of 3574637.
11, 23, 71, 199
List the prime factors of 1697434.
2, 283, 2999
List the prime factors of 146040.
2, 3, 5, 1217
List the prime factors of 5013386.
2, 7, 51157
What are the prime factors of 3304906?
2, 11, 150223
What are the prime factors of 784932?
2, 3, 149, 439
List the prime factors of 26242683.
3, 8747561
List the prime factors of 2938435.
5, 587687
What are the prime factors of 7474362?
2, 3, 7, 25423
List the prime factors of 340847.
13, 157, 167
What are the prime factors of 173002?
2, 86501
List the prime factors of 636981.
3, 113, 1879
List the prime factors of 214594.
2, 41, 2617
What are the prime factors of 263420?
2, 5, 13171
What are the prime factors of 524060?
2, 5, 26203
List the prime factors of 283452.
2, 3, 13, 23, 79
What are the prime factors of 8135418?
2, 3, 17, 47, 1697
What are the prime factors of 383431?
37, 43, 241
List the prime factors of 2856901.
17, 163, 1031
List the prime factors of 684040.
2, 5, 7, 349
What are the prime factors of 8088903?
3, 37, 2699
List the prime factors of 4300338.
2, 3, 7, 14627
List the prime factors of 2504736.
2, 3, 13, 223
What are the prime factors of 1203073?
17, 70769
List the prime factors of 3043626.
2, 3, 43, 47, 251
What are the prime factors of 5485395?
3, 5, 19, 1013
List the prime factors of 8213997.
3, 11, 248909
What are the prime factors of 321724?
2, 13, 23, 269
What are the prime factors of 395143?
7, 19, 2971
What are the prime factors of 6119004?
2, 3, 41, 12437
List the prime factors of 942927.
3, 31, 10139
List the prime factors of 1257864.
2, 3, 17, 3083
What are the prime factors of 5131958?
2, 13, 197383
List the prime factors of 66092.
2, 13, 31, 41
List the prime factors of 30488.
2, 37, 103
What are the prime factors of 563836?
2, 7, 13, 1549
List the prime factors of 8687083.
139, 62497
List the prime factors of 234998.
2, 117499
List the prime factors of 7821044.
2, 7, 11, 67, 379
List the prime factors of 18683760.
2, 3, 5, 77849
List the prime factors of 5406223.
331, 16333
What are the prime factors of 9101?
19, 479
List the prime factors of 1030450.
2, 5, 37, 557
List the prime factors of 7441162.
2, 3720581
What are the prime factors of 7610422?
2, 3805211
What are the prime factors of 12909682?
2, 6454841
What are the prime factors of 3651360?
2, 3, 5, 7607
List the prime factors of 1950917.
29, 67273
List the prime factors of 6310698.
2, 3, 19, 197, 281
List the prime factors of 4477485.
3, 5, 31, 9629
List the prime factors of 4206558.
2, 3, 151, 4643
List the prime factors of 7881702.
2, 3, 163, 8059
What are the prime factors of 783731?
13, 19, 167
What are the prime factors of 4459267?
4459267
List the prime factors of 95397.
3, 31799
List the prime factors of 7449795.
3, 5, 165551
List the prime factors of 10183075.
5, 7, 58189
List the prime factors of 3421394.
2, 1710697
List the prime factors of 4696299.
3, 37, 1567
What are the prime factors of 328957?
101, 3257
List the prime factors of 98585.
5, 19717
List the prime factors of 454341.
3, 269, 563
What are the prime factors of 2232094?
2, 367, 3041
What are the prime factors of 427598?
2, 213799
What are the prime factors of 17452557?
3, 17, 47, 809
List the prime factors of 4645785.
3, 5, 19, 16301
List the prime factors of 126439.
227, 557
What are the prime factors of 1664338?
2, 13, 64013
What are the prime factors of 12819962?
2, 41, 79, 1979
What are the prime factors of 56849?
13, 4373
List the prime factors of 48165.
3, 5, 13, 19
What are the prime factors of 2600944?
2, 149, 1091
What are the prime factors of 132351